{"id":2601,"date":"2025-02-17T07:54:32","date_gmt":"2025-02-17T07:54:32","guid":{"rendered":"https:\/\/pms.phwien.ac.at\/?page_id=2601"},"modified":"2025-03-17T12:58:50","modified_gmt":"2025-03-17T12:58:50","slug":"da-schau-her-jugend-macht-nachrichten","status":"publish","type":"page","link":"https:\/\/pms.phwien.ac.at\/index.php\/da-schau-her-jugend-macht-nachrichten\/","title":{"rendered":"Da schau her \u2013 Jugend macht Nachrichten"},"content":{"rendered":"\t\t<div data-elementor-type=\"wp-page\" data-elementor-id=\"2601\" class=\"elementor elementor-2601\" data-elementor-post-type=\"page\">\n\t\t\t\t<div class=\"has_eae_slider elementor-element elementor-element-9ab7e6b e-flex e-con-boxed e-con e-parent\" data-eae-slider=\"7797\" data-id=\"9ab7e6b\" data-element_type=\"container\" data-e-type=\"container\">\n\t\t\t\t\t<div class=\"e-con-inner\">\n\t\t\t\t<div class=\"elementor-element elementor-element-dc2b1ad elementor-widget-divider--view-line elementor-widget elementor-widget-divider\" data-id=\"dc2b1ad\" data-element_type=\"widget\" data-e-type=\"widget\" data-widget_type=\"divider.default\">\n\t\t\t\t<div class=\"elementor-widget-container\">\n\t\t\t\t\t\t\t<div class=\"elementor-divider\">\n\t\t\t<span class=\"elementor-divider-separator\">\n\t\t\t\t\t\t<\/span>\n\t\t<\/div>\n\t\t\t\t\t\t<\/div>\n\t\t\t\t<\/div>\n\t\t\t\t<div class=\"elementor-element elementor-element-a0c4e67 elementor-widget elementor-widget-heading\" data-id=\"a0c4e67\" data-element_type=\"widget\" data-e-type=\"widget\" data-widget_type=\"heading.default\">\n\t\t\t\t<div class=\"elementor-widget-container\">\n\t\t\t\t\t<h2 class=\"elementor-heading-title elementor-size-default\">Filmprojekt \"Da schau her \u2013 Jugend macht Nachrichten\"<\/h2>\t\t\t\t<\/div>\n\t\t\t\t<\/div>\n\t\t\t\t<div class=\"elementor-element elementor-element-0d38266 elementor-widget-divider--view-line elementor-widget elementor-widget-divider\" data-id=\"0d38266\" data-element_type=\"widget\" data-e-type=\"widget\" data-widget_type=\"divider.default\">\n\t\t\t\t<div class=\"elementor-widget-container\">\n\t\t\t\t\t\t\t<div class=\"elementor-divider\">\n\t\t\t<span class=\"elementor-divider-separator\">\n\t\t\t\t\t\t<\/span>\n\t\t<\/div>\n\t\t\t\t\t\t<\/div>\n\t\t\t\t<\/div>\n\t\t\t\t\t<\/div>\n\t\t\t\t<\/div>\n\t\t<div class=\"has_eae_slider elementor-element elementor-element-dda7a32 e-flex e-con-boxed e-con e-parent\" data-eae-slider=\"49671\" data-id=\"dda7a32\" data-element_type=\"container\" data-e-type=\"container\">\n\t\t\t\t\t<div class=\"e-con-inner\">\n\t\t\t\t<div class=\"elementor-element elementor-element-9111293 elementor-widget elementor-widget-text-editor\" data-id=\"9111293\" data-element_type=\"widget\" data-e-type=\"widget\" data-widget_type=\"text-editor.default\">\n\t\t\t\t<div class=\"elementor-widget-container\">\n\t\t\t\t\t\t\t\t\t<p>Sch\u00fcler*innen der 4. Klasse nehmen am Filmprojekt \u201eDa schau her\u201c im Rahmen der Mutmillion teil. Zusammen mit Frau Susanne Radke vom Lernfilmstudio Salzburg erstellen sie professionelle Videobeitr\u00e4ge zu den Themen \u201eHandynutzung\u201c und \u201eWie Teenager ihre Freizeit verbringen\u201c und nehmen mit diesen an einem Filmwettbewerb teil. Das Projekt wird zudem von Frau Margit Pollek und dem Future Learning Lab unterst\u00fctzt.<\/p><p>N\u00e4here Informationen finden Sie unter dem folgenden Link:<\/p><p><blockquote class=\"wp-embedded-content\" data-secret=\"orleEDCuDY\"><a href=\"https:\/\/zli.phwien.ac.at\/mutmillion-projektfoerderung-fuer-2-projekte-des-fll-kmid\/\">&#8222;Mutmillion&#8220;-Projektf\u00f6rderung f\u00fcr zwei Projekte des Future Learning Lab Wien<\/a><\/blockquote><iframe class=\"wp-embedded-content\" sandbox=\"allow-scripts\" security=\"restricted\" style=\"position: absolute; visibility: hidden;\" title=\"&#8222;&#8222;Mutmillion&#8220;-Projektf\u00f6rderung f\u00fcr zwei Projekte des Future Learning Lab Wien&#8220; &#8212; Kompetenzzentrum MINT und Digitalit\u00e4t (K:MID)\" src=\"https:\/\/zli.phwien.ac.at\/mutmillion-projektfoerderung-fuer-2-projekte-des-fll-kmid\/embed\/#?secret=bDAFS1HlV6#?secret=orleEDCuDY\" data-secret=\"orleEDCuDY\" width=\"600\" height=\"338\" frameborder=\"0\" marginwidth=\"0\" marginheight=\"0\" scrolling=\"no\"><\/iframe><\/p>\t\t\t\t\t\t\t\t<\/div>\n\t\t\t\t<\/div>\n\t\t\t\t\t<\/div>\n\t\t\t\t<\/div>\n\t\t\t\t<\/div>\n\t\t","protected":false},"excerpt":{"rendered":"<p>Filmprojekt &#8222;Da schau her \u2013 Jugend macht Nachrichten&#8220; Sch\u00fcler*innen der 4. Klasse nehmen am Filmprojekt \u201eDa schau her\u201c im Rahmen der Mutmillion teil. Zusammen mit Frau Susanne Radke vom Lernfilmstudio Salzburg erstellen sie professionelle Videobeitr\u00e4ge zu den Themen \u201eHandynutzung\u201c und \u201eWie Teenager ihre Freizeit verbringen\u201c und nehmen mit diesen an einem Filmwettbewerb teil. Das Projekt [&hellip;]<\/p>\n","protected":false},"author":3,"featured_media":0,"parent":0,"menu_order":0,"comment_status":"closed","ping_status":"closed","template":"","meta":{"_acf_changed":false,"footnotes":""},"jahrgang":[],"class_list":["post-2601","page","type-page","status-publish","hentry"],"acf":[],"_links":{"self":[{"href":"https:\/\/pms.phwien.ac.at\/index.php\/wp-json\/wp\/v2\/pages\/2601","targetHints":{"allow":["GET"]}}],"collection":[{"href":"https:\/\/pms.phwien.ac.at\/index.php\/wp-json\/wp\/v2\/pages"}],"about":[{"href":"https:\/\/pms.phwien.ac.at\/index.php\/wp-json\/wp\/v2\/types\/page"}],"author":[{"embeddable":true,"href":"https:\/\/pms.phwien.ac.at\/index.php\/wp-json\/wp\/v2\/users\/3"}],"replies":[{"embeddable":true,"href":"https:\/\/pms.phwien.ac.at\/index.php\/wp-json\/wp\/v2\/comments?post=2601"}],"version-history":[{"count":19,"href":"https:\/\/pms.phwien.ac.at\/index.php\/wp-json\/wp\/v2\/pages\/2601\/revisions"}],"predecessor-version":[{"id":2855,"href":"https:\/\/pms.phwien.ac.at\/index.php\/wp-json\/wp\/v2\/pages\/2601\/revisions\/2855"}],"wp:attachment":[{"href":"https:\/\/pms.phwien.ac.at\/index.php\/wp-json\/wp\/v2\/media?parent=2601"}],"wp:term":[{"taxonomy":"jahrgang","embeddable":true,"href":"https:\/\/pms.phwien.ac.at\/index.php\/wp-json\/wp\/v2\/jahrgang?post=2601"}],"curies":[{"name":"wp","href":"https:\/\/api.w.org\/{rel}","templated":true}]}}