{"id":2639,"date":"2025-02-17T21:24:13","date_gmt":"2025-02-17T21:24:13","guid":{"rendered":"https:\/\/pms.phwien.ac.at\/?page_id=2639"},"modified":"2025-03-17T13:02:58","modified_gmt":"2025-03-17T13:02:58","slug":"woca","status":"publish","type":"page","link":"https:\/\/pms.phwien.ac.at\/index.php\/woca\/","title":{"rendered":"WOCA"},"content":{"rendered":"\t\t<div data-elementor-type=\"wp-page\" data-elementor-id=\"2639\" class=\"elementor elementor-2639\" data-elementor-post-type=\"page\">\n\t\t\t\t<div class=\"has_eae_slider elementor-element elementor-element-a756f66 e-flex e-con-boxed e-con e-parent\" data-eae-slider=\"36063\" data-id=\"a756f66\" data-element_type=\"container\" data-e-type=\"container\">\n\t\t\t\t\t<div class=\"e-con-inner\">\n\t\t\t\t<div class=\"elementor-element elementor-element-b2dba56 elementor-widget-divider--view-line elementor-widget elementor-widget-divider\" data-id=\"b2dba56\" data-element_type=\"widget\" data-e-type=\"widget\" data-widget_type=\"divider.default\">\n\t\t\t\t<div class=\"elementor-widget-container\">\n\t\t\t\t\t\t\t<div class=\"elementor-divider\">\n\t\t\t<span class=\"elementor-divider-separator\">\n\t\t\t\t\t\t<\/span>\n\t\t<\/div>\n\t\t\t\t\t\t<\/div>\n\t\t\t\t<\/div>\n\t\t\t\t<div class=\"elementor-element elementor-element-4693708 elementor-widget elementor-widget-heading\" data-id=\"4693708\" data-element_type=\"widget\" data-e-type=\"widget\" data-widget_type=\"heading.default\">\n\t\t\t\t<div class=\"elementor-widget-container\">\n\t\t\t\t\t<h2 class=\"elementor-heading-title elementor-size-default\">WOCA -  Wohlf\u00fchlzone Campus<\/h2>\t\t\t\t<\/div>\n\t\t\t\t<\/div>\n\t\t\t\t<div class=\"elementor-element elementor-element-6df50e5 elementor-widget-divider--view-line elementor-widget elementor-widget-divider\" data-id=\"6df50e5\" data-element_type=\"widget\" data-e-type=\"widget\" data-widget_type=\"divider.default\">\n\t\t\t\t<div class=\"elementor-widget-container\">\n\t\t\t\t\t\t\t<div class=\"elementor-divider\">\n\t\t\t<span class=\"elementor-divider-separator\">\n\t\t\t\t\t\t<\/span>\n\t\t<\/div>\n\t\t\t\t\t\t<\/div>\n\t\t\t\t<\/div>\n\t\t\t\t\t<\/div>\n\t\t\t\t<\/div>\n\t\t<div class=\"has_eae_slider elementor-element elementor-element-e0e4291 e-flex e-con-boxed e-con e-parent\" data-eae-slider=\"751\" data-id=\"e0e4291\" data-element_type=\"container\" data-e-type=\"container\">\n\t\t\t\t\t<div class=\"e-con-inner\">\n\t\t\t\t<div class=\"elementor-element elementor-element-a5fb4dd elementor-widget elementor-widget-text-editor\" data-id=\"a5fb4dd\" data-element_type=\"widget\" data-e-type=\"widget\" data-widget_type=\"text-editor.default\">\n\t\t\t\t<div class=\"elementor-widget-container\">\n\t\t\t\t\t\t\t\t\t<p data-start=\"185\" data-end=\"556\">Campusschulen sind ein zentraler sozialer Lernort f\u00fcr Kinder und Jugendliche. Der Bedarf psychosozialer Unterst\u00fctzungsstrukturen ist aufgrund multipler Krisen sowie der vielschichtigen Anforderungen am Setting Campus sowohl f\u00fcr die Leitungen als auch f\u00fcr die P\u00e4dagog*innen und Kinder sehr hoch und braucht daher eine kontinuierliche Implementierung in den Campusalltag.<\/p><p data-start=\"558\" data-end=\"861\">Das Projekt \u201eWohlf\u00fchlzone Campus\u201c bietet sieben Wiener Campus-Schulen drei Jahre lang eine umfassende Begleitung. Neben der Volksschule und Mittelschule werden auch Kindergarten, Freizeitbetreuung und Betreuung von Kindern mit sonderp\u00e4dagogischem F\u00f6rderbedarf gem\u00e4\u00df dem Setting-Ansatz mit eingebunden.<\/p><p data-start=\"863\" data-end=\"1274\"><strong>Ziel des Projekts:<\/strong><\/p><ul><li data-start=\"1305\" data-end=\"1384\">Breite Sensibilisierung, Wissensvermittlung und Vernetzung im Themenbereich<\/li><li data-start=\"1385\" data-end=\"1570\">F\u00f6rderung der psychosozialen Gesundheit und Resilienz von P\u00e4dagog*innen, Leitungen, Kinder und Jugendliche durch die Schaffung von gesundheitsf\u00f6rdernden allt\u00e4glichen Austauschr\u00e4umen<\/li><li data-start=\"1571\" data-end=\"1654\">f\u00fcr soziale Unterst\u00fctzung, Kooperation und Transfer in die p\u00e4dagogische Praxis.<\/li><li data-start=\"1655\" data-end=\"1759\">Als Grundlage dient der Ansatz der positiven Psychologie (learn it \u2013 live it \u2013 teach it \u2013 embed it).<\/li><li data-start=\"1760\" data-end=\"1908\">Sensibilisierung des Campusentwicklung zu Kommunikation, sozialer Unterst\u00fctzung und Transfer in die p\u00e4dagogische Praxis an den Campusstandorten.<\/li><li data-start=\"1909\" data-end=\"2156\">Nutzbarmachen des Wissens aus und die Erfahrungen im Bereich der diversit\u00e4tsorientierten und diskriminationskritischen Gesundheitsf\u00f6rderung und Schulentwicklung f\u00fcr die Aus-, Fortbildungs- und Beratungsangebote an der P\u00e4dagogischen Hochschule.<br \/><br \/><\/li><\/ul><p><strong>Zielgruppen:<\/strong><\/p><ul><li data-start=\"2180\" data-end=\"2212\">Leitungen am Campus-Standort<\/li><li data-start=\"2213\" data-end=\"2249\">P\u00e4dagog*innen am Campus-Standort<\/li><li data-start=\"2250\" data-end=\"2331\">Studierende, die im Projektzeitraum ihre Praxis in Campus-Schulen absolvieren<\/li><li data-start=\"2332\" data-end=\"2359\">Studierende der PH Wien<\/li><li data-start=\"2360\" data-end=\"2401\">Mentor*innen f\u00fcr Praxis und Induktion<\/li><li data-start=\"2402\" data-end=\"2447\">beteiligte Schulentwicklungsberater*innen<br \/><br \/><\/li><\/ul><p>Weitere Informationen finden Sie auf folgender Seite:\u00a0 https:\/\/wohlfuehlzone-schule.at\/<\/p>\t\t\t\t\t\t\t\t<\/div>\n\t\t\t\t<\/div>\n\t\t\t\t\t<\/div>\n\t\t\t\t<\/div>\n\t\t\t\t<\/div>\n\t\t","protected":false},"excerpt":{"rendered":"<p>WOCA &#8211; Wohlf\u00fchlzone Campus Campusschulen sind ein zentraler sozialer Lernort f\u00fcr Kinder und Jugendliche. Der Bedarf psychosozialer Unterst\u00fctzungsstrukturen ist aufgrund multipler Krisen sowie der vielschichtigen Anforderungen am Setting Campus sowohl f\u00fcr die Leitungen als auch f\u00fcr die P\u00e4dagog*innen und Kinder sehr hoch und braucht daher eine kontinuierliche Implementierung in den Campusalltag. Das Projekt \u201eWohlf\u00fchlzone Campus\u201c [&hellip;]<\/p>\n","protected":false},"author":3,"featured_media":0,"parent":0,"menu_order":0,"comment_status":"closed","ping_status":"closed","template":"","meta":{"_acf_changed":false,"footnotes":""},"jahrgang":[],"class_list":["post-2639","page","type-page","status-publish","hentry"],"acf":[],"_links":{"self":[{"href":"https:\/\/pms.phwien.ac.at\/index.php\/wp-json\/wp\/v2\/pages\/2639","targetHints":{"allow":["GET"]}}],"collection":[{"href":"https:\/\/pms.phwien.ac.at\/index.php\/wp-json\/wp\/v2\/pages"}],"about":[{"href":"https:\/\/pms.phwien.ac.at\/index.php\/wp-json\/wp\/v2\/types\/page"}],"author":[{"embeddable":true,"href":"https:\/\/pms.phwien.ac.at\/index.php\/wp-json\/wp\/v2\/users\/3"}],"replies":[{"embeddable":true,"href":"https:\/\/pms.phwien.ac.at\/index.php\/wp-json\/wp\/v2\/comments?post=2639"}],"version-history":[{"count":22,"href":"https:\/\/pms.phwien.ac.at\/index.php\/wp-json\/wp\/v2\/pages\/2639\/revisions"}],"predecessor-version":[{"id":2867,"href":"https:\/\/pms.phwien.ac.at\/index.php\/wp-json\/wp\/v2\/pages\/2639\/revisions\/2867"}],"wp:attachment":[{"href":"https:\/\/pms.phwien.ac.at\/index.php\/wp-json\/wp\/v2\/media?parent=2639"}],"wp:term":[{"taxonomy":"jahrgang","embeddable":true,"href":"https:\/\/pms.phwien.ac.at\/index.php\/wp-json\/wp\/v2\/jahrgang?post=2639"}],"curies":[{"name":"wp","href":"https:\/\/api.w.org\/{rel}","templated":true}]}}