{"id":3309,"date":"2025-06-17T11:16:48","date_gmt":"2025-06-17T11:16:48","guid":{"rendered":"https:\/\/pms.phwien.ac.at\/?page_id=3309"},"modified":"2026-05-01T09:16:32","modified_gmt":"2026-05-01T09:16:32","slug":"mint-2","status":"publish","type":"page","link":"https:\/\/pms.phwien.ac.at\/index.php\/mint-2\/","title":{"rendered":"MINT"},"content":{"rendered":"\t\t<div data-elementor-type=\"wp-page\" data-elementor-id=\"3309\" class=\"elementor elementor-3309\" data-elementor-post-type=\"page\">\n\t\t\t\t<div class=\"has_eae_slider elementor-element elementor-element-713ecf7 e-flex e-con-boxed e-con e-parent\" data-eae-slider=\"30339\" data-id=\"713ecf7\" data-element_type=\"container\" data-e-type=\"container\">\n\t\t\t\t\t<div class=\"e-con-inner\">\n\t\t\t\t<div class=\"elementor-element elementor-element-36bb421 elementor-widget elementor-widget-heading\" data-id=\"36bb421\" data-element_type=\"widget\" data-e-type=\"widget\" data-widget_type=\"heading.default\">\n\t\t\t\t<div class=\"elementor-widget-container\">\n\t\t\t\t\t<h2 class=\"elementor-heading-title elementor-size-default\">MINT - Mathematik, Informatik, Naturwissenschaft und Technik<\/h2>\t\t\t\t<\/div>\n\t\t\t\t<\/div>\n\t\t\t\t<div class=\"elementor-element elementor-element-c966387 elementor-widget-divider--view-line elementor-widget elementor-widget-divider\" data-id=\"c966387\" data-element_type=\"widget\" data-e-type=\"widget\" data-widget_type=\"divider.default\">\n\t\t\t\t<div class=\"elementor-widget-container\">\n\t\t\t\t\t\t\t<div class=\"elementor-divider\">\n\t\t\t<span class=\"elementor-divider-separator\">\n\t\t\t\t\t\t<\/span>\n\t\t<\/div>\n\t\t\t\t\t\t<\/div>\n\t\t\t\t<\/div>\n\t\t\t\t\t<\/div>\n\t\t\t\t<\/div>\n\t\t<div class=\"has_eae_slider elementor-element elementor-element-2986ab8 e-flex e-con-boxed e-con e-parent\" data-eae-slider=\"3150\" data-id=\"2986ab8\" data-element_type=\"container\" data-e-type=\"container\">\n\t\t\t\t\t<div class=\"e-con-inner\">\n\t\t\t\t<div class=\"elementor-element elementor-element-9307f4a elementor-widget-divider--view-line elementor-widget elementor-widget-divider\" data-id=\"9307f4a\" data-element_type=\"widget\" data-e-type=\"widget\" data-widget_type=\"divider.default\">\n\t\t\t\t<div class=\"elementor-widget-container\">\n\t\t\t\t\t\t\t<div class=\"elementor-divider\">\n\t\t\t<span class=\"elementor-divider-separator\">\n\t\t\t\t\t\t<\/span>\n\t\t<\/div>\n\t\t\t\t\t\t<\/div>\n\t\t\t\t<\/div>\n\t\t\t\t\t<\/div>\n\t\t\t\t<\/div>\n\t\t<div class=\"has_eae_slider elementor-element elementor-element-db00bde e-flex e-con-boxed e-con e-parent\" data-eae-slider=\"68667\" data-id=\"db00bde\" data-element_type=\"container\" data-e-type=\"container\">\n\t\t\t\t\t<div class=\"e-con-inner\">\n\t\t<div class=\"has_eae_slider elementor-element elementor-element-7464758 e-con-full e-flex e-con e-child\" data-eae-slider=\"13036\" data-id=\"7464758\" data-element_type=\"container\" data-e-type=\"container\">\n\t\t\t\t<div class=\"elementor-element elementor-element-0ae646a elementor-widget elementor-widget-text-editor\" data-id=\"0ae646a\" data-element_type=\"widget\" data-e-type=\"widget\" data-widget_type=\"text-editor.default\">\n\t\t\t\t<div class=\"elementor-widget-container\">\n\t\t\t\t\t\t\t\t\t<p>Unsere Schule tr\u00e4gt stolz das\u00a0<strong>MINT-G\u00fctesiegel<\/strong>, das uns als besonders engagierte Bildungseinrichtung in den Bereichen Mathematik, Informatik, Naturwissenschaften und Technik auszeichnet.<\/p><p>Mit<strong> vier\u00a0MINT-Klassen<\/strong>, in denen MINT als <strong>eigenes Unterrichtsfach<\/strong> etabliert ist,\u00a0setzen wir einen klaren Schwerpunkt auf die F\u00f6rderung von Kompetenzen in diesen zukunftsorientierten Fachbereichen.<\/p><p>Durch praxisnahe Projekte, innovative Lehrmethoden und enge Kooperation mit Wissenschaft, Wirtschaft und Technik bereiten wir unsere Sch\u00fclerinnen und Sch\u00fcler optimal auf die Anforderungen einer technologiebasierten Welt vor. Unser Ziel ist es, Begeisterung f\u00fcr MINT-F\u00e4cher zu wecken und Talente gezielt zu f\u00f6rdern.<\/p><p>Zus\u00e4tzlich haben die Sch\u00fclerinnen und Sch\u00fcler im Rahmen unseres modularen Kernsystems die M\u00f6glichkeit das &#8222;<strong>MINT Lab&#8220;<\/strong>\u00a0zu w\u00e4hlen. Dieses vertiefende Angebot erm\u00f6glicht es ihnen, \u00fcber den Regelunterricht hinaus, intensiv in naturwissenschaftlich-technische Themen einzutauchen.<\/p><p>Dar\u00fcber hinaus engagiert sich unsere Schule aktiv in einer Vielzahl von <strong>MINT-Projekten<\/strong> und <strong>Workshops<\/strong>.\u00a0<\/p><p>Ein besonderes Merkmal unserer Schule ist die hohe Anzahl an Projekten, die von unseren Sch\u00fclerinnen und Sch\u00fcler mit gro\u00dfen Engagement umgesetzt werden. Projekte werden regelm\u00e4\u00dfig bei regionalen und \u00fcberregionalen Wettbewerben eingereicht und vielfach ausgezeichnet. Unsere Klassen erreichen dabei <strong>sehr h\u00e4ufig Spitzenpl\u00e4tze<\/strong>. Diese Erfolge best\u00e4tigen die hohe Qualit\u00e4t unserer MINT Arbeit und motivieren unsere Sch\u00fclerinnen und Sch\u00fcler zus\u00e4tzlich, ihre Talente weiterzuentwickeln.<\/p>\t\t\t\t\t\t\t\t<\/div>\n\t\t\t\t<\/div>\n\t\t\t\t<\/div>\n\t\t<div class=\"has_eae_slider elementor-element elementor-element-526babb e-con-full e-flex e-con e-child\" data-eae-slider=\"17235\" data-id=\"526babb\" data-element_type=\"container\" data-e-type=\"container\">\n\t\t<div class=\"has_eae_slider elementor-element elementor-element-88beaef e-con-full e-flex e-con e-child\" data-eae-slider=\"93124\" data-id=\"88beaef\" data-element_type=\"container\" data-e-type=\"container\">\n\t\t\t\t<div class=\"elementor-element elementor-element-ae01963 dce_masking-none elementor-widget elementor-widget-image\" data-id=\"ae01963\" data-element_type=\"widget\" data-e-type=\"widget\" data-widget_type=\"image.default\">\n\t\t\t\t<div class=\"elementor-widget-container\">\n\t\t\t\t\t\t\t\t\t\t\t\t\t\t\t<img fetchpriority=\"high\" decoding=\"async\" width=\"800\" height=\"534\" src=\"https:\/\/pms.phwien.ac.at\/wp-content\/uploads\/2026\/05\/MINT_NEU_NEU-1024x683.png\" class=\"attachment-large size-large wp-image-4621\" alt=\"\" srcset=\"https:\/\/pms.phwien.ac.at\/wp-content\/uploads\/2026\/05\/MINT_NEU_NEU-1024x683.png 1024w, https:\/\/pms.phwien.ac.at\/wp-content\/uploads\/2026\/05\/MINT_NEU_NEU-300x200.png 300w, https:\/\/pms.phwien.ac.at\/wp-content\/uploads\/2026\/05\/MINT_NEU_NEU-768x512.png 768w, https:\/\/pms.phwien.ac.at\/wp-content\/uploads\/2026\/05\/MINT_NEU_NEU.png 1536w\" sizes=\"(max-width: 800px) 100vw, 800px\" \/>\t\t\t\t\t\t\t\t\t\t\t\t\t\t\t<\/div>\n\t\t\t\t<\/div>\n\t\t\t\t<\/div>\n\t\t<div class=\"has_eae_slider elementor-element elementor-element-5ee83a3 e-con-full e-flex e-con e-child\" data-eae-slider=\"53250\" data-id=\"5ee83a3\" data-element_type=\"container\" data-e-type=\"container\">\n\t\t\t\t<\/div>\n\t\t\t\t<\/div>\n\t\t\t\t\t<\/div>\n\t\t\t\t<\/div>\n\t\t<div class=\"has_eae_slider elementor-element elementor-element-8197975 e-flex e-con-boxed e-con e-parent\" data-eae-slider=\"85260\" data-id=\"8197975\" data-element_type=\"container\" data-e-type=\"container\">\n\t\t\t\t\t<div class=\"e-con-inner\">\n\t\t<div class=\"has_eae_slider elementor-element elementor-element-0536d01 e-con-full e-flex e-con e-child\" data-eae-slider=\"92808\" data-id=\"0536d01\" data-element_type=\"container\" data-e-type=\"container\">\n\t\t\t\t<div class=\"elementor-element elementor-element-1913f6a dce_masking-none elementor-widget elementor-widget-video\" data-id=\"1913f6a\" data-element_type=\"widget\" data-e-type=\"widget\" data-settings=\"{&quot;youtube_url&quot;:&quot;https:\\\/\\\/www.youtube.com\\\/watch?v=qKLuVL0EJEc&quot;,&quot;video_type&quot;:&quot;youtube&quot;,&quot;controls&quot;:&quot;yes&quot;}\" data-widget_type=\"video.default\">\n\t\t\t\t<div class=\"elementor-widget-container\">\n\t\t\t\t\t\t\t<div class=\"elementor-wrapper elementor-open-inline\">\n\t\t\t<div class=\"elementor-video\"><\/div>\t\t<\/div>\n\t\t\t\t\t\t<\/div>\n\t\t\t\t<\/div>\n\t\t\t\t<\/div>\n\t\t<div class=\"has_eae_slider elementor-element elementor-element-6146008 e-con-full e-flex e-con e-child\" data-eae-slider=\"15616\" data-id=\"6146008\" data-element_type=\"container\" data-e-type=\"container\">\n\t\t<div class=\"has_eae_slider elementor-element elementor-element-58ee91d e-con-full e-flex e-con e-child\" data-eae-slider=\"20725\" data-id=\"58ee91d\" data-element_type=\"container\" data-e-type=\"container\">\n\t\t\t\t<div class=\"elementor-element elementor-element-ac3dd1a dce_masking-none elementor-widget elementor-widget-video\" data-id=\"ac3dd1a\" data-element_type=\"widget\" data-e-type=\"widget\" data-settings=\"{&quot;youtube_url&quot;:&quot;https:\\\/\\\/www.youtube.com\\\/watch?v=nf0AQDROT2k&quot;,&quot;video_type&quot;:&quot;youtube&quot;,&quot;controls&quot;:&quot;yes&quot;}\" data-widget_type=\"video.default\">\n\t\t\t\t<div class=\"elementor-widget-container\">\n\t\t\t\t\t\t\t<div class=\"elementor-wrapper elementor-open-inline\">\n\t\t\t<div class=\"elementor-video\"><\/div>\t\t<\/div>\n\t\t\t\t\t\t<\/div>\n\t\t\t\t<\/div>\n\t\t\t\t<\/div>\n\t\t\t\t<\/div>\n\t\t\t\t\t<\/div>\n\t\t\t\t<\/div>\n\t\t\t\t<\/div>\n\t\t","protected":false},"excerpt":{"rendered":"<p>MINT &#8211; Mathematik, Informatik, Naturwissenschaft und Technik Unsere Schule tr\u00e4gt stolz das\u00a0MINT-G\u00fctesiegel, das uns als besonders engagierte Bildungseinrichtung in den Bereichen Mathematik, Informatik, Naturwissenschaften und Technik auszeichnet. Mit vier\u00a0MINT-Klassen, in denen MINT als eigenes Unterrichtsfach etabliert ist,\u00a0setzen wir einen klaren Schwerpunkt auf die F\u00f6rderung von Kompetenzen in diesen zukunftsorientierten Fachbereichen. Durch praxisnahe Projekte, innovative Lehrmethoden [&hellip;]<\/p>\n","protected":false},"author":3,"featured_media":0,"parent":0,"menu_order":0,"comment_status":"closed","ping_status":"closed","template":"","meta":{"_acf_changed":false,"footnotes":""},"jahrgang":[],"class_list":["post-3309","page","type-page","status-publish","hentry"],"acf":[],"_links":{"self":[{"href":"https:\/\/pms.phwien.ac.at\/index.php\/wp-json\/wp\/v2\/pages\/3309","targetHints":{"allow":["GET"]}}],"collection":[{"href":"https:\/\/pms.phwien.ac.at\/index.php\/wp-json\/wp\/v2\/pages"}],"about":[{"href":"https:\/\/pms.phwien.ac.at\/index.php\/wp-json\/wp\/v2\/types\/page"}],"author":[{"embeddable":true,"href":"https:\/\/pms.phwien.ac.at\/index.php\/wp-json\/wp\/v2\/users\/3"}],"replies":[{"embeddable":true,"href":"https:\/\/pms.phwien.ac.at\/index.php\/wp-json\/wp\/v2\/comments?post=3309"}],"version-history":[{"count":49,"href":"https:\/\/pms.phwien.ac.at\/index.php\/wp-json\/wp\/v2\/pages\/3309\/revisions"}],"predecessor-version":[{"id":4624,"href":"https:\/\/pms.phwien.ac.at\/index.php\/wp-json\/wp\/v2\/pages\/3309\/revisions\/4624"}],"wp:attachment":[{"href":"https:\/\/pms.phwien.ac.at\/index.php\/wp-json\/wp\/v2\/media?parent=3309"}],"wp:term":[{"taxonomy":"jahrgang","embeddable":true,"href":"https:\/\/pms.phwien.ac.at\/index.php\/wp-json\/wp\/v2\/jahrgang?post=3309"}],"curies":[{"name":"wp","href":"https:\/\/api.w.org\/{rel}","templated":true}]}}