{"id":3436,"date":"2025-11-17T10:25:54","date_gmt":"2025-11-17T10:25:54","guid":{"rendered":"https:\/\/pms.phwien.ac.at\/?page_id=3436"},"modified":"2026-04-20T20:44:59","modified_gmt":"2026-04-20T20:44:59","slug":"albanien","status":"publish","type":"page","link":"https:\/\/pms.phwien.ac.at\/index.php\/albanien\/","title":{"rendered":"Albanien"},"content":{"rendered":"\t\t<div data-elementor-type=\"wp-page\" data-elementor-id=\"3436\" class=\"elementor elementor-3436\" data-elementor-post-type=\"page\">\n\t\t\t\t<div class=\"has_eae_slider elementor-element elementor-element-9316462 e-flex e-con-boxed e-con e-parent\" data-eae-slider=\"65554\" data-id=\"9316462\" data-element_type=\"container\" data-e-type=\"container\">\n\t\t\t\t\t<div class=\"e-con-inner\">\n\t\t\t\t<div class=\"elementor-element elementor-element-f9a345b elementor-widget elementor-widget-heading\" data-id=\"f9a345b\" data-element_type=\"widget\" data-e-type=\"widget\" data-widget_type=\"heading.default\">\n\t\t\t\t<div class=\"elementor-widget-container\">\n\t\t\t\t\t<h2 class=\"elementor-heading-title elementor-size-default\">Albanien<\/h2>\t\t\t\t<\/div>\n\t\t\t\t<\/div>\n\t\t\t\t<div class=\"elementor-element elementor-element-c7f2323 elementor-widget-divider--view-line elementor-widget elementor-widget-divider\" data-id=\"c7f2323\" data-element_type=\"widget\" data-e-type=\"widget\" data-widget_type=\"divider.default\">\n\t\t\t\t<div class=\"elementor-widget-container\">\n\t\t\t\t\t\t\t<div class=\"elementor-divider\">\n\t\t\t<span class=\"elementor-divider-separator\">\n\t\t\t\t\t\t<\/span>\n\t\t<\/div>\n\t\t\t\t\t\t<\/div>\n\t\t\t\t<\/div>\n\t\t\t\t<div class=\"elementor-element elementor-element-c763856 elementor-widget-divider--view-line elementor-widget elementor-widget-divider\" data-id=\"c763856\" data-element_type=\"widget\" data-e-type=\"widget\" data-widget_type=\"divider.default\">\n\t\t\t\t<div class=\"elementor-widget-container\">\n\t\t\t\t\t\t\t<div class=\"elementor-divider\">\n\t\t\t<span class=\"elementor-divider-separator\">\n\t\t\t\t\t\t<\/span>\n\t\t<\/div>\n\t\t\t\t\t\t<\/div>\n\t\t\t\t<\/div>\n\t\t\t\t\t<\/div>\n\t\t\t\t<\/div>\n\t\t<div class=\"has_eae_slider elementor-element elementor-element-5a78a17 e-flex e-con-boxed e-con e-parent\" data-eae-slider=\"89633\" data-id=\"5a78a17\" data-element_type=\"container\" data-e-type=\"container\">\n\t\t\t\t\t<div class=\"e-con-inner\">\n\t\t\t\t<div class=\"elementor-element elementor-element-25ad9dd elementor-widget elementor-widget-text-editor\" data-id=\"25ad9dd\" data-element_type=\"widget\" data-e-type=\"widget\" data-widget_type=\"text-editor.default\">\n\t\t\t\t<div class=\"elementor-widget-container\">\n\t\t\t\t\t\t\t\t\t<p><strong>Mir\u00eb se erdh\u00eb!<br \/><\/strong><strong>Herzlich willkommen!<\/strong>\u00a0<\/p><p>Heute durften wir eine Delegation aus Albanien willkommen hei\u00dfen. Im Rahmen eines Bildungsprogramms informierte sie sich \u00fcber unsere MINT-Projekte und innovative Unterrichtskonzepte. Besonders die Pr\u00e4sentationen der Sch\u00fcler*innen hinterlie\u00dfen einen besonderen Eindruck.<\/p><p>Der Besuch st\u00e4rkte den internationalen Austausch und f\u00f6rderte die Vernetzung in der MINT-Community.<\/p><p>Die Delegation zeigte gro\u00dfes Interesse an unseren digitalen Lernwerkzeugen und deren Einsatz im Unterrichtsalltag. Unsere G\u00e4ste berichteten auch von ihren eigenen schulischen Herausforderungen und Erfolgen, was zu einem inspirierenden Erfahrungsaustausch f\u00fchrte. Beide Seiten konnten wertvolle Impulse mitnehmen, die sie in ihre Bildungsarbeit integrieren m\u00f6chten.\u00a0<\/p><p>Wir freuen uns auf den n\u00e4chsten Besuch und auf eine weitere Zusammenarbeit.<\/p>\t\t\t\t\t\t\t\t<\/div>\n\t\t\t\t<\/div>\n\t\t\t\t\t<\/div>\n\t\t\t\t<\/div>\n\t\t<div class=\"has_eae_slider elementor-element elementor-element-352431a e-con-full e-flex e-con e-parent\" data-eae-slider=\"61825\" data-id=\"352431a\" data-element_type=\"container\" data-e-type=\"container\">\n\t\t\t\t<div class=\"elementor-element elementor-element-31e30ba dce_masking-none elementor-widget elementor-widget-image\" data-id=\"31e30ba\" data-element_type=\"widget\" data-e-type=\"widget\" data-widget_type=\"image.default\">\n\t\t\t\t<div class=\"elementor-widget-container\">\n\t\t\t\t\t\t\t\t\t\t\t\t\t\t\t<img fetchpriority=\"high\" decoding=\"async\" width=\"800\" height=\"765\" src=\"https:\/\/pms.phwien.ac.at\/wp-content\/uploads\/2025\/11\/515057084_1204932501436413_312232549792495095_n-1024x979.jpg\" class=\"attachment-large size-large wp-image-3449\" alt=\"\" srcset=\"https:\/\/pms.phwien.ac.at\/wp-content\/uploads\/2025\/11\/515057084_1204932501436413_312232549792495095_n-1024x979.jpg 1024w, https:\/\/pms.phwien.ac.at\/wp-content\/uploads\/2025\/11\/515057084_1204932501436413_312232549792495095_n-300x287.jpg 300w, https:\/\/pms.phwien.ac.at\/wp-content\/uploads\/2025\/11\/515057084_1204932501436413_312232549792495095_n-768x734.jpg 768w, https:\/\/pms.phwien.ac.at\/wp-content\/uploads\/2025\/11\/515057084_1204932501436413_312232549792495095_n-1536x1468.jpg 1536w, https:\/\/pms.phwien.ac.at\/wp-content\/uploads\/2025\/11\/515057084_1204932501436413_312232549792495095_n.jpg 1713w\" sizes=\"(max-width: 800px) 100vw, 800px\" \/>\t\t\t\t\t\t\t\t\t\t\t\t\t\t\t<\/div>\n\t\t\t\t<\/div>\n\t\t\t\t<div class=\"elementor-element elementor-element-b440471 dce_masking-none elementor-widget elementor-widget-image\" data-id=\"b440471\" data-element_type=\"widget\" data-e-type=\"widget\" data-widget_type=\"image.default\">\n\t\t\t\t<div class=\"elementor-widget-container\">\n\t\t\t\t\t\t\t\t\t\t\t\t\t\t\t<img decoding=\"async\" width=\"800\" height=\"702\" src=\"https:\/\/pms.phwien.ac.at\/wp-content\/uploads\/2025\/11\/514962452_1204932551436408_3848687819954576739_n-1024x898.jpg\" class=\"attachment-large size-large wp-image-3447\" alt=\"\" srcset=\"https:\/\/pms.phwien.ac.at\/wp-content\/uploads\/2025\/11\/514962452_1204932551436408_3848687819954576739_n-1024x898.jpg 1024w, https:\/\/pms.phwien.ac.at\/wp-content\/uploads\/2025\/11\/514962452_1204932551436408_3848687819954576739_n-300x263.jpg 300w, https:\/\/pms.phwien.ac.at\/wp-content\/uploads\/2025\/11\/514962452_1204932551436408_3848687819954576739_n-768x674.jpg 768w, https:\/\/pms.phwien.ac.at\/wp-content\/uploads\/2025\/11\/514962452_1204932551436408_3848687819954576739_n-1536x1347.jpg 1536w, https:\/\/pms.phwien.ac.at\/wp-content\/uploads\/2025\/11\/514962452_1204932551436408_3848687819954576739_n.jpg 1800w\" sizes=\"(max-width: 800px) 100vw, 800px\" \/>\t\t\t\t\t\t\t\t\t\t\t\t\t\t\t<\/div>\n\t\t\t\t<\/div>\n\t\t\t\t<div class=\"elementor-element elementor-element-44c67f2 dce_masking-none elementor-widget elementor-widget-image\" data-id=\"44c67f2\" data-element_type=\"widget\" data-e-type=\"widget\" data-widget_type=\"image.default\">\n\t\t\t\t<div class=\"elementor-widget-container\">\n\t\t\t\t\t\t\t\t\t\t\t\t\t\t\t<img decoding=\"async\" width=\"800\" height=\"757\" src=\"https:\/\/pms.phwien.ac.at\/wp-content\/uploads\/2025\/11\/513976506_1204932524769744_9078112447495054242_n-1024x969.jpg\" class=\"attachment-large size-large wp-image-3446\" alt=\"\" srcset=\"https:\/\/pms.phwien.ac.at\/wp-content\/uploads\/2025\/11\/513976506_1204932524769744_9078112447495054242_n-1024x969.jpg 1024w, https:\/\/pms.phwien.ac.at\/wp-content\/uploads\/2025\/11\/513976506_1204932524769744_9078112447495054242_n-300x284.jpg 300w, https:\/\/pms.phwien.ac.at\/wp-content\/uploads\/2025\/11\/513976506_1204932524769744_9078112447495054242_n-768x726.jpg 768w, https:\/\/pms.phwien.ac.at\/wp-content\/uploads\/2025\/11\/513976506_1204932524769744_9078112447495054242_n-1536x1453.jpg 1536w, https:\/\/pms.phwien.ac.at\/wp-content\/uploads\/2025\/11\/513976506_1204932524769744_9078112447495054242_n.jpg 1718w\" sizes=\"(max-width: 800px) 100vw, 800px\" \/>\t\t\t\t\t\t\t\t\t\t\t\t\t\t\t<\/div>\n\t\t\t\t<\/div>\n\t\t\t\t<div class=\"elementor-element elementor-element-5c5bc89 dce_masking-none elementor-widget elementor-widget-image\" data-id=\"5c5bc89\" data-element_type=\"widget\" data-e-type=\"widget\" data-widget_type=\"image.default\">\n\t\t\t\t<div class=\"elementor-widget-container\">\n\t\t\t\t\t\t\t\t\t\t\t\t\t\t\t<img loading=\"lazy\" decoding=\"async\" width=\"800\" height=\"765\" src=\"https:\/\/pms.phwien.ac.at\/wp-content\/uploads\/2025\/11\/515057084_1204932501436413_312232549792495095_n-1-1024x979.jpg\" class=\"attachment-large size-large wp-image-3448\" alt=\"\" srcset=\"https:\/\/pms.phwien.ac.at\/wp-content\/uploads\/2025\/11\/515057084_1204932501436413_312232549792495095_n-1-1024x979.jpg 1024w, https:\/\/pms.phwien.ac.at\/wp-content\/uploads\/2025\/11\/515057084_1204932501436413_312232549792495095_n-1-300x287.jpg 300w, https:\/\/pms.phwien.ac.at\/wp-content\/uploads\/2025\/11\/515057084_1204932501436413_312232549792495095_n-1-768x734.jpg 768w, https:\/\/pms.phwien.ac.at\/wp-content\/uploads\/2025\/11\/515057084_1204932501436413_312232549792495095_n-1-1536x1468.jpg 1536w, https:\/\/pms.phwien.ac.at\/wp-content\/uploads\/2025\/11\/515057084_1204932501436413_312232549792495095_n-1.jpg 1713w\" sizes=\"(max-width: 800px) 100vw, 800px\" \/>\t\t\t\t\t\t\t\t\t\t\t\t\t\t\t<\/div>\n\t\t\t\t<\/div>\n\t\t\t\t<\/div>\n\t\t\t\t<\/div>\n\t\t","protected":false},"excerpt":{"rendered":"<p>Albanien Mir\u00eb se erdh\u00eb!Herzlich willkommen!\u00a0 Heute durften wir eine Delegation aus Albanien willkommen hei\u00dfen. Im Rahmen eines Bildungsprogramms informierte sie sich \u00fcber unsere MINT-Projekte und innovative Unterrichtskonzepte. Besonders die Pr\u00e4sentationen der Sch\u00fcler*innen hinterlie\u00dfen einen besonderen Eindruck. Der Besuch st\u00e4rkte den internationalen Austausch und f\u00f6rderte die Vernetzung in der MINT-Community. Die Delegation zeigte gro\u00dfes Interesse an [&hellip;]<\/p>\n","protected":false},"author":3,"featured_media":0,"parent":0,"menu_order":0,"comment_status":"closed","ping_status":"closed","template":"","meta":{"_acf_changed":false,"footnotes":""},"jahrgang":[],"class_list":["post-3436","page","type-page","status-publish","hentry"],"acf":[],"_links":{"self":[{"href":"https:\/\/pms.phwien.ac.at\/index.php\/wp-json\/wp\/v2\/pages\/3436","targetHints":{"allow":["GET"]}}],"collection":[{"href":"https:\/\/pms.phwien.ac.at\/index.php\/wp-json\/wp\/v2\/pages"}],"about":[{"href":"https:\/\/pms.phwien.ac.at\/index.php\/wp-json\/wp\/v2\/types\/page"}],"author":[{"embeddable":true,"href":"https:\/\/pms.phwien.ac.at\/index.php\/wp-json\/wp\/v2\/users\/3"}],"replies":[{"embeddable":true,"href":"https:\/\/pms.phwien.ac.at\/index.php\/wp-json\/wp\/v2\/comments?post=3436"}],"version-history":[{"count":31,"href":"https:\/\/pms.phwien.ac.at\/index.php\/wp-json\/wp\/v2\/pages\/3436\/revisions"}],"predecessor-version":[{"id":4440,"href":"https:\/\/pms.phwien.ac.at\/index.php\/wp-json\/wp\/v2\/pages\/3436\/revisions\/4440"}],"wp:attachment":[{"href":"https:\/\/pms.phwien.ac.at\/index.php\/wp-json\/wp\/v2\/media?parent=3436"}],"wp:term":[{"taxonomy":"jahrgang","embeddable":true,"href":"https:\/\/pms.phwien.ac.at\/index.php\/wp-json\/wp\/v2\/jahrgang?post=3436"}],"curies":[{"name":"wp","href":"https:\/\/api.w.org\/{rel}","templated":true}]}}