{"id":3820,"date":"2025-12-01T08:30:44","date_gmt":"2025-12-01T08:30:44","guid":{"rendered":"https:\/\/pms.phwien.ac.at\/?page_id=3820"},"modified":"2026-04-20T20:53:09","modified_gmt":"2026-04-20T20:53:09","slug":"instituto-comprensivo-orsino-orsini","status":"publish","type":"page","link":"https:\/\/pms.phwien.ac.at\/index.php\/instituto-comprensivo-orsino-orsini\/","title":{"rendered":"Instituto Comprensivo Orsino Orsini"},"content":{"rendered":"\t\t<div data-elementor-type=\"wp-page\" data-elementor-id=\"3820\" class=\"elementor elementor-3820\" data-elementor-post-type=\"page\">\n\t\t\t\t<div class=\"has_eae_slider elementor-element elementor-element-f66f0d1 e-flex e-con-boxed e-con e-parent\" data-eae-slider=\"13515\" data-id=\"f66f0d1\" data-element_type=\"container\" data-e-type=\"container\">\n\t\t\t\t\t<div class=\"e-con-inner\">\n\t\t\t\t<div class=\"elementor-element elementor-element-d6907ae elementor-widget elementor-widget-heading\" data-id=\"d6907ae\" data-element_type=\"widget\" data-e-type=\"widget\" data-widget_type=\"heading.default\">\n\t\t\t\t<div class=\"elementor-widget-container\">\n\t\t\t\t\t<h2 class=\"elementor-heading-title elementor-size-default\">Instituto Comprensivo Orsino Orsini &amp; Praxismittelschule PH Wien<\/h2>\t\t\t\t<\/div>\n\t\t\t\t<\/div>\n\t\t\t\t<div class=\"elementor-element elementor-element-7faf81b elementor-widget-divider--view-line elementor-widget elementor-widget-divider\" data-id=\"7faf81b\" data-element_type=\"widget\" data-e-type=\"widget\" data-widget_type=\"divider.default\">\n\t\t\t\t<div class=\"elementor-widget-container\">\n\t\t\t\t\t\t\t<div class=\"elementor-divider\">\n\t\t\t<span class=\"elementor-divider-separator\">\n\t\t\t\t\t\t<\/span>\n\t\t<\/div>\n\t\t\t\t\t\t<\/div>\n\t\t\t\t<\/div>\n\t\t\t\t<div class=\"elementor-element elementor-element-2b758ad elementor-widget-divider--view-line elementor-widget elementor-widget-divider\" data-id=\"2b758ad\" data-element_type=\"widget\" data-e-type=\"widget\" data-widget_type=\"divider.default\">\n\t\t\t\t<div class=\"elementor-widget-container\">\n\t\t\t\t\t\t\t<div class=\"elementor-divider\">\n\t\t\t<span class=\"elementor-divider-separator\">\n\t\t\t\t\t\t<\/span>\n\t\t<\/div>\n\t\t\t\t\t\t<\/div>\n\t\t\t\t<\/div>\n\t\t<div class=\"has_eae_slider elementor-element elementor-element-4d74c0d e-con-full e-flex e-con e-child\" data-eae-slider=\"58549\" data-id=\"4d74c0d\" data-element_type=\"container\" data-e-type=\"container\">\n\t\t\t\t<div class=\"elementor-element elementor-element-e33e82c elementor-widget elementor-widget-text-editor\" data-id=\"e33e82c\" data-element_type=\"widget\" data-e-type=\"widget\" data-widget_type=\"text-editor.default\">\n\t\t\t\t<div class=\"elementor-widget-container\">\n\t\t\t\t\t\t\t\t\t<div class=\"xdj266r x14z9mp xat24cr x1lziwak x1vvkbs x126k92a\"><div dir=\"auto\">Im Rahmen eines Erasmus-Plus-Projekts besuchte in der Woche vom 24. bis 28. November 2025 eine italienische Schulklasse unsere PMS. Insgesamt nahmen 18 Sch\u00fcler*innen sowie drei Lehrkr\u00e4fte aus Italien teil. Die G\u00e4ste wurden in drei Gruppen eingeteilt und jeweils sechs Sch\u00fcler*innen pro Klasse zugeordnet.<\/div><\/div><div class=\"x14z9mp xat24cr x1lziwak x1vvkbs xtlvy1s x126k92a\"><div dir=\"auto\">\u00a0<\/div><\/div><div class=\"x14z9mp xat24cr x1lziwak x1vvkbs xtlvy1s x126k92a\"><div dir=\"auto\">Der regul\u00e4re Unterricht wurde in diesem Zeitraum ausgesetzt, um eine projektorientierte Woche durchzuf\u00fchren. Diese Projektwoche gliederte sich in drei thematische Schwerpunkte: Kreativit\u00e4t, Kultur und Inklusion.<\/div><div dir=\"auto\">Die Kommunikation zwischen den \u00f6sterreichischen und italienischen Sch\u00fcler*innen erfolgte \u00fcberwiegend auf Englisch.<\/div><div dir=\"auto\">\u00a0<\/div><\/div><div class=\"x14z9mp xat24cr x1lziwak x1vvkbs xtlvy1s x126k92a\"><div dir=\"auto\">Von Seiten der PMS nahmen die Klassen 3a, Ma und Mb teil. Folgende Professor*innen waren im Projekt eingebunden: Bischoff (Schulleitung), Benk\u00f6, Cihak, Giesmann, Glanzner, Gursch, Guraziu, Kraus, Oppong, Petrovic, Poandl, Pucher-Baechle, Rami, Subera, Tankir.<\/div><div dir=\"auto\">\u00a0<\/div><\/div><div class=\"x14z9mp xat24cr x1lziwak x1vvkbs xtlvy1s x126k92a\"><div dir=\"auto\">Das Programm umfasste eine breite Spektrum an Aktivit\u00e4ten: kreativer Stationenbetrieb, technische Werkstatt, gemeinsame Sporteinheiten und Turniere, Museumsbesuche, physikalische und musikalische Workshops sowie thematische Ausfl\u00fcge zu historischen und traditionellen Schaupl\u00e4tzen Wiens. Dar\u00fcber hinaus fanden gemeinsame Essen statt, die den kulturellen Austausch zus\u00e4tzlich f\u00f6rderten.<\/div><div dir=\"auto\">\u00a0<\/div><\/div><div class=\"x14z9mp xat24cr x1lziwak x1vvkbs xtlvy1s x126k92a\"><div dir=\"auto\">Die Projektwoche erstreckte sich sowohl auf schulische Aktivit\u00e4ten als auch auf externe Programmpunkte.<\/div><div dir=\"auto\">F\u00fcr alle Beteiligten stellte diese Woche eine wertvolle, bereichernde und lehrreiche Erfahrung dar.<\/div><\/div>\t\t\t\t\t\t\t\t<\/div>\n\t\t\t\t<\/div>\n\t\t\t\t<\/div>\n\t\t\t\t\t<\/div>\n\t\t\t\t<\/div>\n\t\t<div class=\"has_eae_slider elementor-element elementor-element-e713269 e-con-full e-flex e-con e-parent\" data-eae-slider=\"57820\" data-id=\"e713269\" data-element_type=\"container\" data-e-type=\"container\">\n\t\t\t\t<div class=\"elementor-element elementor-element-a5198da dce_masking-none elementor-widget elementor-widget-image\" data-id=\"a5198da\" data-element_type=\"widget\" data-e-type=\"widget\" data-widget_type=\"image.default\">\n\t\t\t\t<div class=\"elementor-widget-container\">\n\t\t\t\t\t\t\t\t\t\t\t\t\t\t\t<img fetchpriority=\"high\" decoding=\"async\" width=\"1146\" height=\"1680\" src=\"https:\/\/pms.phwien.ac.at\/wp-content\/uploads\/2025\/12\/592247770_1328011722461823_7558903265029505911_n.jpg\" class=\"attachment-full size-full wp-image-3832\" alt=\"\" srcset=\"https:\/\/pms.phwien.ac.at\/wp-content\/uploads\/2025\/12\/592247770_1328011722461823_7558903265029505911_n.jpg 1146w, https:\/\/pms.phwien.ac.at\/wp-content\/uploads\/2025\/12\/592247770_1328011722461823_7558903265029505911_n-205x300.jpg 205w, https:\/\/pms.phwien.ac.at\/wp-content\/uploads\/2025\/12\/592247770_1328011722461823_7558903265029505911_n-699x1024.jpg 699w, https:\/\/pms.phwien.ac.at\/wp-content\/uploads\/2025\/12\/592247770_1328011722461823_7558903265029505911_n-768x1126.jpg 768w, https:\/\/pms.phwien.ac.at\/wp-content\/uploads\/2025\/12\/592247770_1328011722461823_7558903265029505911_n-1048x1536.jpg 1048w\" sizes=\"(max-width: 1146px) 100vw, 1146px\" \/>\t\t\t\t\t\t\t\t\t\t\t\t\t\t\t<\/div>\n\t\t\t\t<\/div>\n\t\t\t\t<div class=\"elementor-element elementor-element-cbfc9fe dce_masking-none elementor-widget elementor-widget-image\" data-id=\"cbfc9fe\" data-element_type=\"widget\" data-e-type=\"widget\" data-widget_type=\"image.default\">\n\t\t\t\t<div class=\"elementor-widget-container\">\n\t\t\t\t\t\t\t\t\t\t\t\t\t\t\t<img decoding=\"async\" width=\"1124\" height=\"1648\" src=\"https:\/\/pms.phwien.ac.at\/wp-content\/uploads\/2025\/12\/592142901_1328011862461809_7835486312052240745_n.jpg\" class=\"attachment-full size-full wp-image-3831\" alt=\"\" srcset=\"https:\/\/pms.phwien.ac.at\/wp-content\/uploads\/2025\/12\/592142901_1328011862461809_7835486312052240745_n.jpg 1124w, https:\/\/pms.phwien.ac.at\/wp-content\/uploads\/2025\/12\/592142901_1328011862461809_7835486312052240745_n-205x300.jpg 205w, https:\/\/pms.phwien.ac.at\/wp-content\/uploads\/2025\/12\/592142901_1328011862461809_7835486312052240745_n-698x1024.jpg 698w, https:\/\/pms.phwien.ac.at\/wp-content\/uploads\/2025\/12\/592142901_1328011862461809_7835486312052240745_n-768x1126.jpg 768w, https:\/\/pms.phwien.ac.at\/wp-content\/uploads\/2025\/12\/592142901_1328011862461809_7835486312052240745_n-1048x1536.jpg 1048w\" sizes=\"(max-width: 1124px) 100vw, 1124px\" \/>\t\t\t\t\t\t\t\t\t\t\t\t\t\t\t<\/div>\n\t\t\t\t<\/div>\n\t\t\t\t<div class=\"elementor-element elementor-element-f3a99e8 dce_masking-none elementor-widget elementor-widget-image\" data-id=\"f3a99e8\" data-element_type=\"widget\" data-e-type=\"widget\" data-widget_type=\"image.default\">\n\t\t\t\t<div class=\"elementor-widget-container\">\n\t\t\t\t\t\t\t\t\t\t\t\t\t\t\t<img decoding=\"async\" width=\"1122\" height=\"1664\" src=\"https:\/\/pms.phwien.ac.at\/wp-content\/uploads\/2025\/12\/593279174_1328011869128475_5554979975722879401_n.jpg\" class=\"attachment-full size-full wp-image-3834\" alt=\"\" srcset=\"https:\/\/pms.phwien.ac.at\/wp-content\/uploads\/2025\/12\/593279174_1328011869128475_5554979975722879401_n.jpg 1122w, https:\/\/pms.phwien.ac.at\/wp-content\/uploads\/2025\/12\/593279174_1328011869128475_5554979975722879401_n-202x300.jpg 202w, https:\/\/pms.phwien.ac.at\/wp-content\/uploads\/2025\/12\/593279174_1328011869128475_5554979975722879401_n-690x1024.jpg 690w, https:\/\/pms.phwien.ac.at\/wp-content\/uploads\/2025\/12\/593279174_1328011869128475_5554979975722879401_n-768x1139.jpg 768w, https:\/\/pms.phwien.ac.at\/wp-content\/uploads\/2025\/12\/593279174_1328011869128475_5554979975722879401_n-1036x1536.jpg 1036w\" sizes=\"(max-width: 1122px) 100vw, 1122px\" \/>\t\t\t\t\t\t\t\t\t\t\t\t\t\t\t<\/div>\n\t\t\t\t<\/div>\n\t\t\t\t<div class=\"elementor-element elementor-element-74e4b86 dce_masking-none elementor-widget elementor-widget-image\" data-id=\"74e4b86\" data-element_type=\"widget\" data-e-type=\"widget\" data-widget_type=\"image.default\">\n\t\t\t\t<div class=\"elementor-widget-container\">\n\t\t\t\t\t\t\t\t\t\t\t\t\t\t\t<img loading=\"lazy\" decoding=\"async\" width=\"1125\" height=\"1684\" src=\"https:\/\/pms.phwien.ac.at\/wp-content\/uploads\/2025\/12\/592974717_1328011789128483_6521215393439006673_n.jpg\" class=\"attachment-full size-full wp-image-3833\" alt=\"\" srcset=\"https:\/\/pms.phwien.ac.at\/wp-content\/uploads\/2025\/12\/592974717_1328011789128483_6521215393439006673_n.jpg 1125w, https:\/\/pms.phwien.ac.at\/wp-content\/uploads\/2025\/12\/592974717_1328011789128483_6521215393439006673_n-200x300.jpg 200w, https:\/\/pms.phwien.ac.at\/wp-content\/uploads\/2025\/12\/592974717_1328011789128483_6521215393439006673_n-684x1024.jpg 684w, https:\/\/pms.phwien.ac.at\/wp-content\/uploads\/2025\/12\/592974717_1328011789128483_6521215393439006673_n-768x1150.jpg 768w, https:\/\/pms.phwien.ac.at\/wp-content\/uploads\/2025\/12\/592974717_1328011789128483_6521215393439006673_n-1026x1536.jpg 1026w\" sizes=\"(max-width: 1125px) 100vw, 1125px\" \/>\t\t\t\t\t\t\t\t\t\t\t\t\t\t\t<\/div>\n\t\t\t\t<\/div>\n\t\t\t\t<div class=\"elementor-element elementor-element-1fb6653 dce_masking-none elementor-widget elementor-widget-image\" data-id=\"1fb6653\" data-element_type=\"widget\" data-e-type=\"widget\" data-widget_type=\"image.default\">\n\t\t\t\t<div class=\"elementor-widget-container\">\n\t\t\t\t\t\t\t\t\t\t\t\t\t\t\t<img loading=\"lazy\" decoding=\"async\" width=\"1126\" height=\"1655\" src=\"https:\/\/pms.phwien.ac.at\/wp-content\/uploads\/2025\/12\/594093509_1328011809128481_5470349743318908617_n.jpg\" class=\"attachment-full size-full wp-image-3836\" alt=\"\" srcset=\"https:\/\/pms.phwien.ac.at\/wp-content\/uploads\/2025\/12\/594093509_1328011809128481_5470349743318908617_n.jpg 1126w, https:\/\/pms.phwien.ac.at\/wp-content\/uploads\/2025\/12\/594093509_1328011809128481_5470349743318908617_n-204x300.jpg 204w, https:\/\/pms.phwien.ac.at\/wp-content\/uploads\/2025\/12\/594093509_1328011809128481_5470349743318908617_n-697x1024.jpg 697w, https:\/\/pms.phwien.ac.at\/wp-content\/uploads\/2025\/12\/594093509_1328011809128481_5470349743318908617_n-768x1129.jpg 768w, https:\/\/pms.phwien.ac.at\/wp-content\/uploads\/2025\/12\/594093509_1328011809128481_5470349743318908617_n-1045x1536.jpg 1045w\" sizes=\"(max-width: 1126px) 100vw, 1126px\" \/>\t\t\t\t\t\t\t\t\t\t\t\t\t\t\t<\/div>\n\t\t\t\t<\/div>\n\t\t\t\t<div class=\"elementor-element elementor-element-be17b32 dce_masking-none elementor-widget elementor-widget-image\" data-id=\"be17b32\" data-element_type=\"widget\" data-e-type=\"widget\" data-widget_type=\"image.default\">\n\t\t\t\t<div class=\"elementor-widget-container\">\n\t\t\t\t\t\t\t\t\t\t\t\t\t\t\t<img loading=\"lazy\" decoding=\"async\" width=\"1125\" height=\"1642\" src=\"https:\/\/pms.phwien.ac.at\/wp-content\/uploads\/2025\/12\/591958918_1328011815795147_494038725320894578_n.jpg\" class=\"attachment-full size-full wp-image-3829\" alt=\"\" srcset=\"https:\/\/pms.phwien.ac.at\/wp-content\/uploads\/2025\/12\/591958918_1328011815795147_494038725320894578_n.jpg 1125w, https:\/\/pms.phwien.ac.at\/wp-content\/uploads\/2025\/12\/591958918_1328011815795147_494038725320894578_n-206x300.jpg 206w, https:\/\/pms.phwien.ac.at\/wp-content\/uploads\/2025\/12\/591958918_1328011815795147_494038725320894578_n-702x1024.jpg 702w, https:\/\/pms.phwien.ac.at\/wp-content\/uploads\/2025\/12\/591958918_1328011815795147_494038725320894578_n-768x1121.jpg 768w, https:\/\/pms.phwien.ac.at\/wp-content\/uploads\/2025\/12\/591958918_1328011815795147_494038725320894578_n-1052x1536.jpg 1052w\" sizes=\"(max-width: 1125px) 100vw, 1125px\" \/>\t\t\t\t\t\t\t\t\t\t\t\t\t\t\t<\/div>\n\t\t\t\t<\/div>\n\t\t\t\t<\/div>\n\t\t<div class=\"has_eae_slider elementor-element elementor-element-bbc9c1a e-con-full e-flex e-con e-parent\" data-eae-slider=\"9664\" data-id=\"bbc9c1a\" data-element_type=\"container\" data-e-type=\"container\">\n\t\t\t\t<div class=\"elementor-element elementor-element-7fd3035 dce_masking-none elementor-widget elementor-widget-image\" data-id=\"7fd3035\" data-element_type=\"widget\" data-e-type=\"widget\" data-widget_type=\"image.default\">\n\t\t\t\t<div class=\"elementor-widget-container\">\n\t\t\t\t\t\t\t\t\t\t\t\t\t\t\t<img loading=\"lazy\" decoding=\"async\" width=\"1126\" height=\"1655\" src=\"https:\/\/pms.phwien.ac.at\/wp-content\/uploads\/2025\/12\/594093509_1328011809128481_5470349743318908617_n.jpg\" class=\"attachment-full size-full wp-image-3836\" alt=\"\" srcset=\"https:\/\/pms.phwien.ac.at\/wp-content\/uploads\/2025\/12\/594093509_1328011809128481_5470349743318908617_n.jpg 1126w, https:\/\/pms.phwien.ac.at\/wp-content\/uploads\/2025\/12\/594093509_1328011809128481_5470349743318908617_n-204x300.jpg 204w, https:\/\/pms.phwien.ac.at\/wp-content\/uploads\/2025\/12\/594093509_1328011809128481_5470349743318908617_n-697x1024.jpg 697w, https:\/\/pms.phwien.ac.at\/wp-content\/uploads\/2025\/12\/594093509_1328011809128481_5470349743318908617_n-768x1129.jpg 768w, https:\/\/pms.phwien.ac.at\/wp-content\/uploads\/2025\/12\/594093509_1328011809128481_5470349743318908617_n-1045x1536.jpg 1045w\" sizes=\"(max-width: 1126px) 100vw, 1126px\" \/>\t\t\t\t\t\t\t\t\t\t\t\t\t\t\t<\/div>\n\t\t\t\t<\/div>\n\t\t\t\t<\/div>\n\t\t<div class=\"has_eae_slider elementor-element elementor-element-68da670 e-con-full e-flex e-con e-parent\" data-eae-slider=\"6734\" data-id=\"68da670\" data-element_type=\"container\" data-e-type=\"container\">\n\t\t\t\t<div class=\"elementor-element elementor-element-d6bfdf3 dce_masking-none elementor-widget elementor-widget-image\" data-id=\"d6bfdf3\" data-element_type=\"widget\" data-e-type=\"widget\" data-widget_type=\"image.default\">\n\t\t\t\t<div class=\"elementor-widget-container\">\n\t\t\t\t\t\t\t\t\t\t\t\t\t\t\t<img loading=\"lazy\" decoding=\"async\" width=\"1132\" height=\"1622\" src=\"https:\/\/pms.phwien.ac.at\/wp-content\/uploads\/2025\/12\/591939456_1328011765795152_4244153448065394323_n.jpg\" class=\"attachment-full size-full wp-image-3828\" alt=\"\" srcset=\"https:\/\/pms.phwien.ac.at\/wp-content\/uploads\/2025\/12\/591939456_1328011765795152_4244153448065394323_n.jpg 1132w, https:\/\/pms.phwien.ac.at\/wp-content\/uploads\/2025\/12\/591939456_1328011765795152_4244153448065394323_n-209x300.jpg 209w, https:\/\/pms.phwien.ac.at\/wp-content\/uploads\/2025\/12\/591939456_1328011765795152_4244153448065394323_n-715x1024.jpg 715w, https:\/\/pms.phwien.ac.at\/wp-content\/uploads\/2025\/12\/591939456_1328011765795152_4244153448065394323_n-768x1100.jpg 768w, https:\/\/pms.phwien.ac.at\/wp-content\/uploads\/2025\/12\/591939456_1328011765795152_4244153448065394323_n-1072x1536.jpg 1072w\" sizes=\"(max-width: 1132px) 100vw, 1132px\" \/>\t\t\t\t\t\t\t\t\t\t\t\t\t\t\t<\/div>\n\t\t\t\t<\/div>\n\t\t\t\t<\/div>\n\t\t<div class=\"has_eae_slider elementor-element elementor-element-757adb7 e-con-full e-flex e-con e-parent\" data-eae-slider=\"31114\" data-id=\"757adb7\" data-element_type=\"container\" data-e-type=\"container\">\n\t\t\t\t<div class=\"elementor-element elementor-element-98dadb9 dce_masking-none elementor-widget elementor-widget-image\" data-id=\"98dadb9\" data-element_type=\"widget\" data-e-type=\"widget\" data-widget_type=\"image.default\">\n\t\t\t\t<div class=\"elementor-widget-container\">\n\t\t\t\t\t\t\t\t\t\t\t\t\t\t\t<img loading=\"lazy\" decoding=\"async\" width=\"1118\" height=\"1506\" src=\"https:\/\/pms.phwien.ac.at\/wp-content\/uploads\/2025\/12\/591697968_1328011712461824_7446243173003711855_n.jpg\" class=\"attachment-full size-full wp-image-3827\" alt=\"\" srcset=\"https:\/\/pms.phwien.ac.at\/wp-content\/uploads\/2025\/12\/591697968_1328011712461824_7446243173003711855_n.jpg 1118w, https:\/\/pms.phwien.ac.at\/wp-content\/uploads\/2025\/12\/591697968_1328011712461824_7446243173003711855_n-223x300.jpg 223w, https:\/\/pms.phwien.ac.at\/wp-content\/uploads\/2025\/12\/591697968_1328011712461824_7446243173003711855_n-760x1024.jpg 760w, https:\/\/pms.phwien.ac.at\/wp-content\/uploads\/2025\/12\/591697968_1328011712461824_7446243173003711855_n-768x1035.jpg 768w\" sizes=\"(max-width: 1118px) 100vw, 1118px\" \/>\t\t\t\t\t\t\t\t\t\t\t\t\t\t\t<\/div>\n\t\t\t\t<\/div>\n\t\t\t\t<\/div>\n\t\t<div class=\"has_eae_slider elementor-element elementor-element-f1ad76d e-flex e-con-boxed e-con e-parent\" data-eae-slider=\"83683\" data-id=\"f1ad76d\" data-element_type=\"container\" data-e-type=\"container\">\n\t\t\t\t\t<div class=\"e-con-inner\">\n\t\t\t\t\t<\/div>\n\t\t\t\t<\/div>\n\t\t<div class=\"has_eae_slider elementor-element elementor-element-6cd28e0 e-flex e-con-boxed e-con e-parent\" data-eae-slider=\"74685\" data-id=\"6cd28e0\" data-element_type=\"container\" data-e-type=\"container\">\n\t\t\t\t\t<div class=\"e-con-inner\">\n\t\t\t\t\t<\/div>\n\t\t\t\t<\/div>\n\t\t<div class=\"has_eae_slider elementor-element elementor-element-9f4244d e-flex e-con-boxed e-con e-parent\" data-eae-slider=\"89259\" data-id=\"9f4244d\" data-element_type=\"container\" data-e-type=\"container\">\n\t\t\t\t\t<div class=\"e-con-inner\">\n\t\t\t\t\t<\/div>\n\t\t\t\t<\/div>\n\t\t\t\t<\/div>\n\t\t","protected":false},"excerpt":{"rendered":"<p>Instituto Comprensivo Orsino Orsini &amp; Praxismittelschule PH Wien Im Rahmen eines Erasmus-Plus-Projekts besuchte in der Woche vom 24. bis 28. November 2025 eine italienische Schulklasse unsere PMS. Insgesamt nahmen 18 Sch\u00fcler*innen sowie drei Lehrkr\u00e4fte aus Italien teil. Die G\u00e4ste wurden in drei Gruppen eingeteilt und jeweils sechs Sch\u00fcler*innen pro Klasse zugeordnet.\u00a0Der regul\u00e4re Unterricht wurde in [&hellip;]<\/p>\n","protected":false},"author":3,"featured_media":0,"parent":0,"menu_order":0,"comment_status":"closed","ping_status":"closed","template":"","meta":{"_acf_changed":false,"footnotes":""},"jahrgang":[],"class_list":["post-3820","page","type-page","status-publish","hentry"],"acf":[],"_links":{"self":[{"href":"https:\/\/pms.phwien.ac.at\/index.php\/wp-json\/wp\/v2\/pages\/3820","targetHints":{"allow":["GET"]}}],"collection":[{"href":"https:\/\/pms.phwien.ac.at\/index.php\/wp-json\/wp\/v2\/pages"}],"about":[{"href":"https:\/\/pms.phwien.ac.at\/index.php\/wp-json\/wp\/v2\/types\/page"}],"author":[{"embeddable":true,"href":"https:\/\/pms.phwien.ac.at\/index.php\/wp-json\/wp\/v2\/users\/3"}],"replies":[{"embeddable":true,"href":"https:\/\/pms.phwien.ac.at\/index.php\/wp-json\/wp\/v2\/comments?post=3820"}],"version-history":[{"count":25,"href":"https:\/\/pms.phwien.ac.at\/index.php\/wp-json\/wp\/v2\/pages\/3820\/revisions"}],"predecessor-version":[{"id":4449,"href":"https:\/\/pms.phwien.ac.at\/index.php\/wp-json\/wp\/v2\/pages\/3820\/revisions\/4449"}],"wp:attachment":[{"href":"https:\/\/pms.phwien.ac.at\/index.php\/wp-json\/wp\/v2\/media?parent=3820"}],"wp:term":[{"taxonomy":"jahrgang","embeddable":true,"href":"https:\/\/pms.phwien.ac.at\/index.php\/wp-json\/wp\/v2\/jahrgang?post=3820"}],"curies":[{"name":"wp","href":"https:\/\/api.w.org\/{rel}","templated":true}]}}